{"id":8,"date":"2025-10-18T06:12:53","date_gmt":"2025-10-18T06:12:53","guid":{"rendered":"https:\/\/lafrichecreative.fr\/?page_id=8"},"modified":"2025-10-18T09:03:21","modified_gmt":"2025-10-18T09:03:21","slug":"hillstar","status":"publish","type":"page","link":"https:\/\/lafrichecreative.fr\/?page_id=8","title":{"rendered":"Front Page"},"content":{"rendered":"<div data-colibri-id=\"8-c1\" class=\"style-182 style-local-8-c1 position-relative\">\n  <!----><\/p>\n<div data-colibri-component=\"section\" data-colibri-id=\"8-c20\" id=\"about\" class=\"h-section h-section-global-spacing d-flex align-items-lg-center align-items-md-center align-items-center style-190 style-local-8-c20 position-relative\">\n    <!----><br \/>\n    <!----><\/p>\n<div class=\"h-section-grid-container h-section-boxed-container\">\n      <!----><\/p>\n<div data-colibri-id=\"8-c21\" class=\"h-row-container gutters-row-lg-0 gutters-row-md-0 gutters-row-0 gutters-row-v-lg-0 gutters-row-v-md-0 gutters-row-v-0 style-311 style-local-8-c21 position-relative\">\n        <!----><\/p>\n<div class=\"h-row justify-content-lg-start justify-content-md-start justify-content-start align-items-lg-stretch align-items-md-stretch align-items-stretch gutters-col-lg-0 gutters-col-md-0 gutters-col-0 gutters-col-v-lg-0 gutters-col-v-md-0 gutters-col-v-0\">\n          <!----><\/p>\n<div class=\"h-column h-column-container d-flex h-col-lg-6 h-col-md-6 h-col-12 style-317-outer style-local-8-c252-outer\">\n<div data-colibri-id=\"8-c252\" class=\"d-flex h-flex-basis h-column__inner h-px-lg-0 h-px-md-0 h-px-0 v-inner-lg-0 v-inner-md-0 v-inner-0 style-317 style-local-8-c252 position-relative\">\n              <!----><br \/>\n              <!----><\/p>\n<div class=\"w-100 h-y-container h-column__content h-column__v-align flex-basis-100 align-self-lg-center align-self-md-center align-self-center\">\n                <!----><\/p>\n<div data-colibri-id=\"8-c253\" class=\"h-text h-text-component style-318 style-local-8-c253 position-relative h-element\">\n                  <!----><br \/>\n                  <!----><\/p>\n<div class=\"\">\n<h1><strong>Qui Sommes &#8211; Nous ?<\/strong><\/h1>\n<p><strong>La Friche Cr\u00e9ative<\/strong>&nbsp;est une association qui a pour mission de&nbsp;<strong>montrer qu\u2019il est possible de vivre de sa passion<\/strong>.<\/p>\n<p>N\u00e9e de l\u2019envie de valoriser la cr\u00e9ativit\u00e9 sous toutes ses formes, elle r\u00e9unit des&nbsp;<strong>artistes, artisans, cr\u00e9ateurs et passionn\u00e9s&nbsp;<\/strong>autour d\u2019un objectif commun :<\/p>\n<ul>\n<li><strong>Partager<\/strong><\/li>\n<li><strong>Apprendre <\/strong><\/li>\n<li><strong>Inspirer mutuellement<\/strong>.<\/li>\n<\/ul>\n<p>\u00c0 travers des&nbsp;<strong>ateliers cr\u00e9atifs, des rencontres professionnelles et des \u00e9v\u00e9nements collaboratifs<\/strong>, La Friche Cr\u00e9ative offre un espace o\u00f9 les talents peuvent s\u2019exprimer librement, \u00e9changer des savoir-faire et d\u00e9velopper<br \/>\n                      leurs projets.<\/p>\n<\/p><\/div>\n<\/p><\/div>\n<\/p><\/div>\n<\/p><\/div>\n<\/p><\/div>\n<div class=\"h-column h-column-container d-flex h-col-lg-6 h-col-md-6 h-col-12 style-319-outer style-local-8-c254-outer\">\n<div data-colibri-id=\"8-c254\" class=\"d-flex h-flex-basis h-column__inner h-ui-empty-state-container h-px-lg-0 h-px-md-0 h-px-0 v-inner-lg-0 v-inner-md-0 v-inner-0 style-319 style-local-8-c254 position-relative\">\n              <!----><br \/>\n              <!----><\/p>\n<div class=\"w-100 h-y-container h-column__content h-column__v-align flex-basis-100\">\n                <!---->\n              <\/div>\n<\/p><\/div>\n<\/p><\/div>\n<\/p><\/div>\n<\/p><\/div>\n<\/p><\/div>\n<\/p><\/div>\n<div data-colibri-component=\"section\" data-colibri-id=\"8-c27\" id=\"features-2\" class=\"h-section h-section-global-spacing d-flex align-items-lg-center align-items-md-center align-items-center style-197 style-local-8-c27 position-relative\">\n    <!----><br \/>\n    <!----><\/p>\n<div class=\"h-section-grid-container h-section-boxed-container\">\n<div data-colibri-id=\"8-c59\" class=\"h-row-container gutters-row-lg-2 gutters-row-md-2 gutters-row-2 gutters-row-v-lg-2 gutters-row-v-md-2 gutters-row-v-2 style-204 style-local-8-c59 position-relative\">\n        <!----><\/p>\n<div class=\"h-row justify-content-lg-center justify-content-md-center justify-content-center align-items-lg-stretch align-items-md-stretch align-items-stretch gutters-col-lg-2 gutters-col-md-2 gutters-col-2 gutters-col-v-lg-2 gutters-col-v-md-2 gutters-col-v-2\">\n          <!----><\/p>\n<div class=\"h-column h-column-container d-flex h-col-lg-auto h-col-md-auto h-col-auto style-205-outer style-local-8-c60-outer\">\n<div data-colibri-id=\"8-c60\" class=\"d-flex h-flex-basis h-column__inner h-px-lg-2 h-px-md-2 h-px-2 v-inner-lg-2 v-inner-md-2 v-inner-2 style-205 style-local-8-c60 position-relative\">\n              <!----><br \/>\n              <!----><\/p>\n<div class=\"w-100 h-y-container h-column__content h-column__v-align flex-basis-100 align-self-lg-start align-self-md-start align-self-start\">\n                <!----><\/p>\n<div data-colibri-id=\"8-c61\" class=\"h-global-transition-all h-heading style-206 style-local-8-c61 position-relative h-element\">\n                  <!----><\/p>\n<div class=\"h-heading__outer style-206 style-local-8-c61\">\n                    <!----><br \/>\n                    <!----><\/p>\n<h2 class=\"\">La Friche cr\u00e9ative en chiffres&#8230;<\/h2>\n<\/p><\/div>\n<\/p><\/div>\n<\/p><\/div>\n<\/p><\/div>\n<\/p><\/div>\n<\/p><\/div>\n<\/p><\/div>\n<div data-colibri-id=\"8-c28\" class=\"h-row-container gutters-row-lg-2 gutters-row-md-2 gutters-row-2 gutters-row-v-lg-2 gutters-row-v-md-2 gutters-row-v-2 style-198 style-local-8-c28 position-relative\">\n        <!----><\/p>\n<div class=\"h-row justify-content-lg-center justify-content-md-center justify-content-center align-items-lg-stretch align-items-md-stretch align-items-stretch gutters-col-lg-2 gutters-col-md-2 gutters-col-2 gutters-col-v-lg-2 gutters-col-v-md-2 gutters-col-v-2\">\n          <!----><\/p>\n<div class=\"h-column h-column-container d-flex h-col-lg-4 h-col-md-6 h-col-12 style-199-outer style-local-8-c29-outer\">\n<div data-colibri-id=\"8-c29\" class=\"d-flex h-flex-basis h-column__inner h-px-lg-3 h-px-md-3 h-px-3 v-inner-lg-3 v-inner-md-3 v-inner-3 style-199 style-local-8-c29 position-relative\">\n              <!----><br \/>\n              <!----><\/p>\n<div class=\"w-100 h-y-container h-column__content h-column__v-align flex-basis-100 align-self-lg-start align-self-md-start align-self-start\">\n                <!----><\/p>\n<div data-colibri-id=\"8-c30\" class=\"h-icon style-200 style-local-8-c30 position-relative h-element\">\n                  <!----><span class=\"h-svg-icon h-icon__icon style-200-icon style-local-8-c30-icon\"><!--Icon by Icons8 Line Awesome (https:\/\/icons8.com\/line-awesome)--><svg version=\"1.1\" xmlns=\"http:\/\/www.w3.org\/2000\/svg\" xmlns:xlink=\"http:\/\/www.w3.org\/1999\/xlink\" id=\"group\" viewBox=\"0 0 512 545.5\"><path d=\"M128 144c52.83 0 96 43.17 96 96 0 31.74-15.602 60-39.5 77.5 23.336 11.593 42.876 29.785 55.5 52.5 12.624-22.715 32.164-40.907 55.5-52.5C271.602 300 256 271.74 256 240c0-52.83 43.17-96 96-96s96 43.17 96 96c0 31.74-15.602 60-39.5 77.5C450.7 338.465 480 381.827 480 432h-32c0-53.21-42.79-96-96-96s-96 42.79-96 96h-32c0-53.21-42.79-96-96-96s-96 42.79-96 96H0c0-50.173 29.3-93.535 71.5-114.5C47.602 300 32 271.74 32 240c0-52.83 43.17-96 96-96zm0 32c-35.536 0-64 28.464-64 64s28.464 64 64 64 64-28.464 64-64-28.464-64-64-64zm224 0c-35.536 0-64 28.464-64 64s28.464 64 64 64 64-28.464 64-64-28.464-64-64-64z\"><\/path><\/svg><\/span><\/div>\n<div\n                  data-colibri-id=\"8-c31\" class=\"h-divider style-201 style-local-8-c31 position-relative h-element\"><br \/>\n                  <!----><span class=\"h-divider__line style-201-line style-local-8-c31-line style-201-line style-local-8-c31-line\"><\/span><\/div>\n<div data-colibri-id=\"8-c32\" class=\"h-global-transition-all h-heading style-202 style-local-8-c32 position-relative h-element\">\n                <!----><\/p>\n<div class=\"h-heading__outer style-202 style-local-8-c32\">\n                  <!----><br \/>\n                  <!----><\/p>\n<h4 class=\"\">+ 350 Participants<\/h4>\n<\/p><\/div>\n<\/p><\/div>\n<div data-colibri-id=\"8-c33\" class=\"h-text h-text-component style-203 style-local-8-c33 position-relative h-element\">\n                <!----><br \/>\n                <!----><\/p>\n<div class=\"\">\n<p>Entre 18 et 38 ans.<\/p>\n<\/p><\/div>\n<\/p><\/div>\n<\/p><\/div>\n<\/p><\/div>\n<\/p><\/div>\n<div class=\"h-column h-column-container d-flex h-col-lg-4 h-col-md-6 h-col-12 style-199-outer style-local-8-c34-outer\">\n<div data-colibri-id=\"8-c34\" class=\"d-flex h-flex-basis h-column__inner h-px-lg-3 h-px-md-3 h-px-3 v-inner-lg-3 v-inner-md-3 v-inner-3 style-199 style-local-8-c34 position-relative\">\n            <!----><br \/>\n            <!----><\/p>\n<div class=\"w-100 h-y-container h-column__content h-column__v-align flex-basis-100 align-self-lg-start align-self-md-start align-self-start\">\n              <!----><\/p>\n<div data-colibri-id=\"8-c35\" class=\"h-icon style-200 style-local-8-c35 position-relative h-element\">\n                <!----><span class=\"h-svg-icon h-icon__icon style-200-icon style-local-8-c35-icon\"><!--Icon by Icons8 Line Awesome (https:\/\/icons8.com\/line-awesome)--><svg version=\"1.1\" xmlns=\"http:\/\/www.w3.org\/2000\/svg\" xmlns:xlink=\"http:\/\/www.w3.org\/1999\/xlink\" id=\"mortar-board\" viewBox=\"0 0 512 545.5\"><path d=\"M256 140.5l5 1.5 200 67 45.5 15-45.5 15-45 15v82c0 13.112-7.988 24.003-17.5 31.5S377.187 380.27 363 385c-28.375 9.458-65.79 15-107 15s-78.625-5.542-107-15c-14.188-4.73-25.988-10.003-35.5-17.5S96 349.112 96 336v-82l-32-10.5v129c9.55 5.537 16 15.666 16 27.5 0 17.673-14.327 32-32 32s-32-14.327-32-32c0-11.834 6.45-21.963 16-27.5v-140L5.5 224 51 209l200-67zm0 33.5l-150 50 150 50 150-50zm-128 91v71c0 .144-.06 2.012 5 6s14.13 9.043 26 13c23.74 7.914 58.673 13 97 13s73.26-5.086 97-13c11.87-3.957 20.94-9.012 26-13s5-5.856 5-6v-71l-123 41-5 1.5-5-1.5z\"><\/path><\/svg><\/span><\/div>\n<div\n                data-colibri-id=\"8-c36\" class=\"h-divider style-201 style-local-8-c36 position-relative h-element\"><br \/>\n                <!----><span class=\"h-divider__line style-201-line style-local-8-c36-line style-201-line style-local-8-c36-line\"><\/span><\/div>\n<div data-colibri-id=\"8-c37\" class=\"h-global-transition-all h-heading style-202 style-local-8-c37 position-relative h-element\">\n              <!----><\/p>\n<div class=\"h-heading__outer style-202 style-local-8-c37\">\n                <!----><br \/>\n                <!----><\/p>\n<h4 class=\"\">+ 25 Ateliers<\/h4>\n<\/p><\/div>\n<\/p><\/div>\n<div data-colibri-id=\"8-c38\" class=\"h-text h-text-component style-203 style-local-8-c38 position-relative h-element\">\n              <!----><br \/>\n              <!----><\/p>\n<div class=\"\">\n<p>Couture &#8211; \u00c9loquence &#8211; Cr\u00e9ation de marque &#8211; Communication &#8211; Crochet &#8211; R\u00e9alisation Vid\u00e9o &#8211; Photographie&#8230;<\/p>\n<\/p><\/div>\n<\/p><\/div>\n<\/p><\/div>\n<\/p><\/div>\n<\/p><\/div>\n<div class=\"h-column h-column-container d-flex h-col-lg-4 h-col-md-6 h-col-12 style-199-outer style-local-8-c39-outer\">\n<div data-colibri-id=\"8-c39\" class=\"d-flex h-flex-basis h-column__inner h-px-lg-3 h-px-md-3 h-px-3 v-inner-lg-3 v-inner-md-3 v-inner-3 style-199 style-local-8-c39 position-relative\">\n          <!----><br \/>\n          <!----><\/p>\n<div class=\"w-100 h-y-container h-column__content h-column__v-align flex-basis-100 align-self-lg-start align-self-md-start align-self-start\">\n            <!----><\/p>\n<div data-colibri-id=\"8-c40\" class=\"h-icon style-200 style-local-8-c40 position-relative h-element\">\n              <!----><span class=\"h-svg-icon h-icon__icon style-200-icon style-local-8-c40-icon\"><!--Icon by Font Awesome (https:\/\/fontawesome.com)--><br \/>\n    <svg version=\"1.1\" xmlns=\"http:\/\/www.w3.org\/2000\/svg\" xmlns:xlink=\"http:\/\/www.w3.org\/1999\/xlink\" id=\"instagram\" viewBox=\"0 0 1536 1896.0833\">\n      <path d=\"M1024 896q0-106-75-181t-181-75-181 75-75 181 75 181 181 75 181-75 75-181zm138 0q0 164-115 279t-279 115-279-115-115-279 115-279 279-115 279 115 115 279zm108-410q0 38-27 65t-65 27-65-27-27-65 27-65 65-27 65 27 27 65zM768 266q-7 0-76.5-.5t-105.5 0-96.5 3-103 10T315 297q-50 20-88 58t-58 88q-11 29-18.5 71.5t-10 103-3 96.5 0 105.5.5 76.5-.5 76.5 0 105.5 3 96.5 10 103T169 1349q20 50 58 88t88 58q29 11 71.5 18.5t103 10 96.5 3 105.5 0 76.5-.5 76.5.5 105.5 0 96.5-3 103-10 71.5-18.5q50-20 88-58t58-88q11-29 18.5-71.5t10-103 3-96.5 0-105.5-.5-76.5.5-76.5 0-105.5-3-96.5-10-103T1367 443q-20-50-58-88t-88-58q-29-11-71.5-18.5t-103-10-96.5-3-105.5 0-76.5.5zm768 630q0 229-5 317-10 208-124 322t-322 124q-88 5-317 5t-317-5q-208-10-322-124T5 1213q-5-88-5-317t5-317q10-208 124-322t322-124q88-5 317-5t317 5q208 10 322 124t124 322q5 88 5 317z\"><\/path>\n    <\/svg><\/span><\/div>\n<div data-colibri-id=\"8-c41\" class=\"h-divider style-201 style-local-8-c41 position-relative h-element\">\n              <!----><span class=\"h-divider__line style-201-line style-local-8-c41-line style-201-line style-local-8-c41-line\"><\/span><\/div>\n<div data-colibri-id=\"8-c42\" class=\"h-global-transition-all h-heading style-202 style-local-8-c42 position-relative h-element\">\n              <!----><\/p>\n<div class=\"h-heading__outer style-202 style-local-8-c42\">\n                <!----><br \/>\n                <!----><\/p>\n<h4 class=\"\">+ 5 000 Abonn\u00e9s<\/h4>\n<\/p><\/div>\n<\/p><\/div>\n<div data-colibri-id=\"8-c43\" class=\"h-text h-text-component style-203 style-local-8-c43 position-relative h-element\">\n              <!----><br \/>\n              <!----><\/p>\n<div class=\"\">\n<p>+ 650 personnes pr\u00e9sentes dans la communaut\u00e9 WhatsApp<\/p>\n<\/p><\/div>\n<\/p><\/div>\n<\/p><\/div>\n<\/p><\/div>\n<\/p><\/div>\n<\/p><\/div>\n<\/p><\/div>\n<\/div>\n<\/div>\n<\/div>\n","protected":false},"excerpt":{"rendered":"<p>Qui Sommes &#8211; Nous ? La Friche Cr\u00e9ative&nbsp;est une association qui a pour mission de&nbsp;montrer qu\u2019il est possible de vivre de sa passion. N\u00e9e de l\u2019envie de valoriser la cr\u00e9ativit\u00e9 sous toutes ses formes, elle r\u00e9unit des&nbsp;artistes, artisans, cr\u00e9ateurs et passionn\u00e9s&nbsp;autour d\u2019un objectif commun : Partager Apprendre Inspirer mutuellement. \u00c0 travers des&nbsp;ateliers cr\u00e9atifs, des rencontres [&hellip;]<\/p>\n","protected":false},"author":1,"featured_media":0,"parent":0,"menu_order":0,"comment_status":"closed","ping_status":"closed","template":"page-templates\/homepage.php","meta":{"saved_in_kubio":false,"footnotes":""},"class_list":["post-8","page","type-page","status-publish","hentry"],"kubio_ai_page_context":{"short_desc":"","purpose":"general"},"_links":{"self":[{"href":"https:\/\/lafrichecreative.fr\/index.php?rest_route=\/wp\/v2\/pages\/8","targetHints":{"allow":["GET"]}}],"collection":[{"href":"https:\/\/lafrichecreative.fr\/index.php?rest_route=\/wp\/v2\/pages"}],"about":[{"href":"https:\/\/lafrichecreative.fr\/index.php?rest_route=\/wp\/v2\/types\/page"}],"author":[{"embeddable":true,"href":"https:\/\/lafrichecreative.fr\/index.php?rest_route=\/wp\/v2\/users\/1"}],"replies":[{"embeddable":true,"href":"https:\/\/lafrichecreative.fr\/index.php?rest_route=%2Fwp%2Fv2%2Fcomments&post=8"}],"version-history":[{"count":8,"href":"https:\/\/lafrichecreative.fr\/index.php?rest_route=\/wp\/v2\/pages\/8\/revisions"}],"predecessor-version":[{"id":137,"href":"https:\/\/lafrichecreative.fr\/index.php?rest_route=\/wp\/v2\/pages\/8\/revisions\/137"}],"wp:attachment":[{"href":"https:\/\/lafrichecreative.fr\/index.php?rest_route=%2Fwp%2Fv2%2Fmedia&parent=8"}],"curies":[{"name":"wp","href":"https:\/\/api.w.org\/{rel}","templated":true}]}}